*u + 3 = -0*b, -u - 16 = -5*b. Suppose 3*p = -2*o + 56, b*o + 28 = 4*o + 3*p. What is the highest common divisor of o and 4?
4
Let r(x) = -x**2 - 3*x + 2. Let v be r(-3). Let b be v/((-3)/(18/(-3))). What is the greatest common divisor of b and 16?
4
Let n = 27 + 3. Let k be 3/(2*(-3)/n). Let l be (-1)/(31/k - -2). What is the highest common factor of 30 and l?
15
Suppose 0*z = 5*z - 180. Let m = -3 + 7. What is the highest common factor of z and m?
4
Let v be -633*((-5)/3 - -1). Suppose -z - x = -86, -4*z - z + v = x. What is the greatest common divisor of z and 12?
12
Suppose 1 = t - 5. Let n(y) = 23*y - 3. Let i be n(t). Calculate the highest common factor of i and 27.
27
Suppose 340 = -9*z + 19*z. Calculate the greatest common divisor of 17 and z.
17
Suppose 5*g - 166 = l - 0*l, -2*g + 4*l = -52. Suppose 0 = w - 5*w + 8. Let x be (51/(-4))/(w/(-8)). Calculate the greatest common factor of g and x.
17
Suppose o = -5*a + 857, a + 5*o - 179 = o. Calculate the greatest common factor of a and 19.
19
Let c(f) = -3*f - 15. Let b be c(-6). Calculate the greatest common factor of b and 3.
3
Let p(q) = -q**2 + 6*q + 8. Let b be p(8). Let u be b/12 + (-155)/(-3). What is the highest common factor of 34 and u?
17
Let c(v) = 7*v**2 - 1. Let y be c(-1). Let x be 0 - -3 - (-245 + 2). Suppose -2*m = 5*u - x, 0 = 5*m - 9 - 6. What is the greatest common factor of u and y?
6
Let x(c) = -3*c + 9*c + 22*c**2 - 5 - 23*c**2. Let o be x(4). What is the highest common factor of 21 and o?
3
Let z be 2*(-2)/(-4) + 35. Let c(g) = 12*g**3. Let b be c(1). What is the highest common divisor of z and b?
12
Let u = -12 + 34. Let w be 70/u - 2/11. Let c be 1/(w/84*2). What is the greatest common divisor of c and 56?
14
Let k(u) = -16*u + 1. Let r be k(-2). Calculate the highest common factor of r and 22.
11
Let v = 5 + 0. Let n be 181/2 + v/10. Let a = 43 + -30. What is the greatest common divisor of n and a?
13
Let y be 1/(242/80 - 3). Let u(v) = v**3 - 3*v**2 + v - 1. Let q be u(3). Suppose 2 = q*g - 8. What is the highest common factor of g and y?
5
Let r = 49 - 16. Let x be (3/(-9))/((-1)/r). Let j = -61 - -116. What is the greatest common factor of x and j?
11
Suppose -4*x + 76 = -4*w - 0, -2*x + 4*w + 34 = 0. Calculate the highest common divisor of 147 and x.
21
Suppose 7*r - 221 = 409. What is the highest common divisor of 9 and r?
9
Let o be 1/(-3) - (-422)/6. What is the greatest common divisor of 14 and o?
14
Let f = -399 + 714. Let u be 1194/34 + (-60)/510. What is the highest common divisor of f and u?
35
Let z = -75 - -91. What is the highest common factor of z and 4?
4
Suppose -x + 17 + 19 = 0. Calculate the highest common divisor of x and 288.
36
Let k(p) = 7*p + 7*p**2 + p + 0*p + 9 - p + p**3. Let m be 1 - (6 - (-1)/1). Let d be k(m). Calculate the greatest common factor of 3 and d.
3
Let a = 14 - 1. Suppose 1 + 8 = -j. Let g = a + j. Calculate the highest common factor of g and 44.
4
Let i = 100 - 60. What is the greatest common divisor of i and 5?
5
Let g(v) = 4*v - 9. Let h(w) = -2*w + 4. Let x(k) = 3*g(k) + 7*h(k). Let n be x(-7). Let i = 26 - 16. Calculate the highest common divisor of i and n.
5
Let o be (-7 + -1)*11/(-2). Let n = o + 56. What is the greatest common divisor of 40 and n?
20
Let v = 6 + -4. Suppose 0 = -3*i + 5*o + 47, v*i = i + 5*o + 29. What is the highest common factor of 27 and i?
9
Let r(m) = -m**2 - m + 40. Let o(h) = -h**3 - 7*h**2 - h - 7. Let b = 17 - 24. Let t be o(b). Let a be r(t). What is the highest common factor of a and 8?
8
Suppose -3*s + 172 = -101. Calculate the highest common factor of 13 and s.
13
Suppose -5*u + 3*o + 14 = 0, -2*u + 5*u - 4 = 4*o. Suppose d = 2*d - u. Let v be (9/3)/((-1)/(-2)). What is the greatest common divisor of v and d?
2
Let f be (-158)/(-3) - 2/3. Suppose -n - f = -3*n. Let v = -202 - -228. What is the highest common factor of v and n?
26
Let r be (-14)/(-10) + (-4)/10. Let d be r/(-1*2/(-26)). Suppose 31 = -4*c + 5*c + 4*a, -c = 5*a - 29. What is the greatest common divisor of d and c?
13
Let p be 1*5/(-15)*-60. What is the highest common divisor of p and 20?
20
Suppose 81 + 79 = 4*f. Suppose f = 4*u + u. Calculate the highest common factor of u and 72.
8
Suppose -3*o = o + 4*v - 364, 9 = 3*v. Suppose 0 = -6*l + 2*l + 44. Calculate the highest common divisor of l and o.
11
Let o = 0 - -5. Let l = 59 - 34. What is the highest common factor of o and l?
5
Let g = -26 + 50. What is the highest common factor of g and 60?
12
Let i be 326/9 + (-6)/27. Suppose -i = 2*h - 4*h. What is the highest common factor of h and 198?
18
Suppose 5*s - 4 = 6. Let v(k) = 3*k**3 + 3*k**2 - 4*k + 2. Let p be v(s). Calculate the highest common divisor of 6 and p.
6
Let r = -50 + 78. Suppose 0 = -k + 1 + 1. Suppose -k*x + 4 = -3*j + 2*x, -4*x = -16. What is the greatest common factor of r and j?
4
Let d(f) = 3 + 7 - 5*f + 15*f. Let k = -24 - -31. Let x be d(k). Calculate the highest common divisor of 20 and x.
20
Suppose 5*y + 165 = -4*a, y + 19 = -0*a + 2*a. Let b be (-49)/(2 - 1)*1. Let p = y - b. What is the greatest common factor of 4 and p?
4
Suppose 5*y + 172 = 22. Let j be (y + -2)*49/(-28). What is the greatest common factor of j and 8?
8
Let y be (-3)/2 + 55/10. Suppose 183 = y*g + 3*u, 0 = -0*g + 5*g + u - 215. What is the greatest common factor of 21 and g?
21
Let d(y) = 10*y - 2. Suppose 0 - 6 = -2*k. Let a be d(k). Let j = a + -3. What is the highest common divisor of 10 and j?
5
Let w(d) = d**3 - 6*d**2 + 6*d - 1. Let i be w(5). Let r be ((-8)/(-14))/(6/21). Calculate the greatest common divisor of r and i.
2
Suppose -5*s = -s. Suppose 5*w - 134 - 141 = s. Calculate the highest common divisor of w and 22.
11
Let t be 76/190 - -379*2/5. What is the highest common divisor of t and 19?
19
Let g(u) = -u**2 - 6*u - 5. Let z be g(-5). Let c = z + 0. Suppose c = 3*b - 5*b + 220. Calculate the greatest common divisor of 10 and b.
10
Let b = -13 + 35. What is the highest common factor of b and 22?
22
Let w = 10 - 3. Let m be ((-6)/(-8))/((-2)/(-56)). Calculate the greatest common divisor of m and w.
7
Suppose q - 19 + 5 = 0. Suppose 0 = 4*k + 4*h - 44, 5*h = 11 + q. Suppose -a = -k*a + 45. What is the greatest common factor of a and 27?
9
Suppose 18 + 12 = 5*l. What is the highest common divisor of 6 and l?
6
Suppose 0 = -0*j - j + 1, -3*u + 4*j + 86 = 0. What is the greatest common factor of u and 6?
6
Let c = -5 - -11. Let z be (-1)/((-51)/24 + 2). Let m be 198/z + (-6)/8. Calculate the greatest common divisor of c and m.
6
Suppose 5*f - 3*f + 2*a = 16, 6 = -3*f + 3*a. What is the greatest common factor of f and 24?
3
Let y(t) = 3*t**2 + 9*t. Let x be (2 - 3)*1*-7. Suppose 2*v = 3*v + x. Let c be y(v). What is the greatest common divisor of c and 12?
12
Suppose -p + 52 = -11. What is the greatest common factor of p and 7?
7
Suppose d - 69 = -4*b + b, -4*d + 5*b = -225. What is the greatest common factor of 15 and d?
15
Let j = -50 + 77. Suppose 0*s + 4 = s. Suppose -r - 23 = -2*b, -b - s*b - 2*r = -35. What is the highest common factor of j and b?
9
Suppose -4*y - 18 = 2. Let v(m) = m + 6. Let a be v(y). Let o be (a - 1) + 9 + -5. Calculate the greatest common factor of 44 and o.
4
Let q = 29 - 43. Let d = q + 26. Let j(x) = 3*x. Let h be j(2). Calculate the highest common factor of h and d.
6
Let j(f) = 2*f - 3. Let i be j(8). Let n = -9 + i. What is the highest common factor of 2 and n?
2
Suppose -2*g + 6 = g. Calculate the highest common divisor of g and 5.
1
Suppose -4*u = 2*h - 14, -3*h - 9 = -4*h - u. Let a be -44*((-4)/6 - 7/21). Calculate the greatest common factor of h and a.
11
Let n = -2 - -1. Let w be (n/(-2))/(4/120). Suppose 0*b = 2*b - 10. Calculate the highest common factor of b and w.
5
Let j = 5 + 22. Let h be (-3 - -6)/3 + -1 + 3. Calculate the greatest common factor of h and j.
3
Suppose g - w - 7 = -3*w, 4*g - 52 = -2*w. Suppose 4*l + 4*u = 24, l + u = -3*l + g. Suppose -5*t + 198 = -l*t. What is the greatest common divisor of t and 9?
9
Suppose -3*j = -2*r + 13, -2*r + 5*j = -5*r - 9. What is the greatest common divisor of r and 6?
2
Let n(a) = -a**3 + 22*a**2 + 24*a - 1. Let i be n(23). Calculate the greatest common divisor of 33 and i.
11
Let j = -54 - -78. Calculate the highest